e factors of 1036135166.
2, 11, 47097053
What are the prime factors of 49753066?
2, 11, 2261503
What are the prime factors of 171831334?
2, 85915667
What are the prime factors of 311412892?
2, 7, 587, 18947
List the prime factors of 571477699.
13, 43959823
List the prime factors of 125101922.
2, 11, 23, 457, 541
List the prime factors of 376781625.
3, 5, 11, 17, 199
What are the prime factors of 342949200?
2, 3, 5, 11, 25981
List the prime factors of 3056889505.
5, 179, 1459, 2341
What are the prime factors of 163754453?
5849, 27997
List the prime factors of 1972850.
2, 5, 11, 17, 211
What are the prime factors of 103725576?
2, 3, 29, 571
List the prime factors of 42668909.
239, 178531
List the prime factors of 285961385.
5, 6679, 8563
What are the prime factors of 182078113?
7, 26011159
List the prime factors of 15197282.
2, 7598641
List the prime factors of 214661889.
3, 13, 1834717
What are the prime factors of 3810921230?
2, 5, 9491, 40153
List the prime factors of 1080486500.
2, 5, 307, 7039
What are the prime factors of 3100678528?
2, 31, 67, 107, 109
List the prime factors of 2354141956.
2, 2269, 259381
What are the prime factors of 32064110?
2, 5, 13, 157, 1571
What are the prime factors of 24466805?
5, 11, 37, 1093
List the prime factors of 4516549.
521, 8669
What are the prime factors of 100921034?
2, 59, 607, 1409
What are the prime factors of 5306825974?
2, 211, 12575417
List the prime factors of 1754130478.
2, 877065239
List the prime factors of 285748814.
2, 13, 47, 233837
What are the prime factors of 1007591040?
2, 3, 5, 174929
What are the prime factors of 808218137?
23, 479, 73361
What are the prime factors of 4882911880?
2, 5, 7, 11, 751, 2111
List the prime factors of 641723878.
2, 320861939
List the prime factors of 269883424.
2, 137, 61561
What are the prime factors of 49182421?
49182421
What are the prime factors of 24887535?
3, 5, 1659169
What are the prime factors of 46255027?
7, 13, 508297
List the prime factors of 1129383080.
2, 5, 7, 4033511
What are the prime factors of 151767792?
2, 3, 11, 95813
List the prime factors of 1803247469.
1803247469
What are the prime factors of 28252779?
3, 9417593
What are the prime factors of 86394939?
3, 59, 8273
What are the prime factors of 25033387?
1381, 18127
What are the prime factors of 86463419?
7, 113, 281, 389
What are the prime factors of 681545239?
67, 257, 39581
What are the prime factors of 160090828?
2, 40022707
List the prime factors of 58734039.
3, 7, 13, 215143
What are the prime factors of 135451301?
23, 5889187
List the prime factors of 409276838.
2, 43, 181, 26293
What are the prime factors of 31242875?
5, 249943
What are the prime factors of 3012012218?
2, 389, 3871481
List the prime factors of 30039948.
2, 3, 827, 1009
What are the prime factors of 1178624?
2, 1151
List the prime factors of 880159973.
7, 11, 167, 68447
List the prime factors of 223169397.
3, 11, 367, 18427
What are the prime factors of 432226185?
3, 5, 28815079
What are the prime factors of 52604071?
13, 4046467
What are the prime factors of 78403866?
2, 3, 79, 251, 659
List the prime factors of 75468098.
2, 37734049
What are the prime factors of 634575638?
2, 13879, 22861
List the prime factors of 56771043.
3, 7, 67, 157, 257
List the prime factors of 1190354443.
23, 51754541
What are the prime factors of 986579359?
37, 26664307
List the prime factors of 1265956349.
7, 180850907
What are the prime factors of 4323134998?
2, 7, 13, 457, 51977
What are the prime factors of 2428068285?
3, 5, 17985691
What are the prime factors of 163232939?
173, 943543
What are the prime factors of 1791009128?
2, 31, 7221811
List the prime factors of 9008436.
2, 3, 17, 44159
List the prime factors of 1202135028.
2, 3, 29, 941, 3671
What are the prime factors of 120831361?
7, 53, 325691
What are the prime factors of 25667080?
2, 5, 23, 1213
What are the prime factors of 33768768?
2, 3, 11, 59, 271
List the prime factors of 38412422.
2, 59, 367, 887
List the prime factors of 2749923910.
2, 5, 17, 2543, 6361
What are the prime factors of 304597928?
2, 139, 273919
What are the prime factors of 733801082?
2, 7, 52414363
List the prime factors of 863950566.
2, 3, 101, 1425661
List the prime factors of 4672710.
2, 3, 5, 7, 7417
List the prime factors of 110716462.
2, 229, 241739
List the prime factors of 1613495565.
3, 5, 11, 1086529
What are the prime factors of 1415939313?
3, 2411, 195761
List the prime factors of 583797925.
5, 863, 27059
List the prime factors of 524050258.
2, 3221, 81349
List the prime factors of 304493408.
2, 31, 306949
What are the prime factors of 238658709?
3, 7187, 11069
What are the prime factors of 150289018?
2, 11, 621029
What are the prime factors of 25025453?
179, 251, 557
List the prime factors of 155059754.
2, 17, 4560581
What are the prime factors of 93537163?
73, 1281331
What are the prime factors of 5345807248?
2, 334112953
List the prime factors of 475538621.
47, 191, 52973
List the prime factors of 1116478740.
2, 3, 5, 13, 17, 84199
What are the prime factors of 28280644?
2, 7, 144289
List the prime factors of 22899273.
3, 7633091
What are the prime factors of 79640120?
2, 5, 7, 284429
What are the prime factors of 233677760?
2, 5, 59, 12377
List the prime factors of 442421718.
2, 3, 73736953
List the prime factors of 588461196.
2, 3, 149, 449, 733
What are the prime factors of 2709976036?
2, 677494009
List the prime factors of 20612501.
7, 13, 226511
What are the prime factors of 75672292?
2, 18918073
What are the prime factors of 1511541484?
2, 2833, 133387
What are the prime factors of 5301412464?
2, 3, 17, 383, 16963
What are the prime factors of 59411094?
2, 3, 673, 14713
What are the prime factors of 133471845?
3, 5, 13, 17, 13421
What are the prime factors of 142421363?
7, 20345909
What are the prime factors of 419146689?
3, 13, 10747351
List the prime factors of 23569236.
2, 3, 654701
List the prime factors of 439304079.
3, 139, 1053487
What are the prime factors of 66143935?
5, 11, 13, 79, 1171
What are the prime factors of 3447460418?
2, 1723730209
What are the prime factors of 39251033?
39251033
List the prime factors of 37561225.
5, 13, 47, 2459
What are the prime factors of 3234082720?
2, 5, 11, 17, 19, 5689
List the prime factors of 75744754.
2, 19, 109, 18287
List the prime factors of 405681601.
13, 31206277
List the prime factors of 163466303.
7, 11, 13, 41, 569
What are the prime factors of 1118441174?
2, 4217, 132611
What are the prime factors of 93082727?
93082727
What are the prime factors of 3777140312?
2, 11, 42922049
List the prime factors of 827814891.
3, 275938297
List the prime factors of 4633543352.
2, 317, 1827107
List the prime factors of 2651816024.
2, 11, 13, 2318021
List the prime factors of 207575461.
1117, 185833
List the prime factors of 1214062231.
1069, 1135699
What are the prime factors of 796924028?
2, 17, 11719471
List the prime factors of 1729205863.
7, 11, 22457219
What are the prime factors of 61033585?
5, 12206717
What are the prime factors of 90874569?
3, 79, 131, 2927
List the prime factors of 120343545.
3, 5, 7, 61, 6263
What are the prime factors of 1634904037?
13, 83, 191, 7933
List the prime factors of 1023128144.
2, 37, 1728257
What are the prime factors of 671952392?
2, 83994049
List the prime factors of 1609129204.
2, 402282301
What are the prime factors of 44550893?
137, 325189
List the prime factors of 9975922.
2, 11, 453451
List the prime factors of 6341922.
2, 3, 117443
What are the prime factors of 71917782?
2, 3, 1303, 9199
What are the prime factors of 24389210?
2, 5, 71, 34351
What are the prime factors of 33446568?
2, 3, 1393607
List the prime factors of 762905828.
2, 43, 1361, 3259
List the prime factors of 78681239.
7, 13, 864629
List the prime factors of 112984625.
5, 13, 23, 3023
List the prime factors of 75650968.
2, 9456371
List the prime factors of 216483167.
216483167
What are the prime factors of 129265987?
19, 6803473
List the prime factors of 2795766055.
5, 1283, 435817
What are the prime factors of 858237180?
2, 3, 5, 17, 23, 36583
List the prime factors of 2216400555.
3, 5, 787, 187751
List the prime factors of 28775458.
2, 17, 373, 2269
What are the prime factors of 295589965?
5, 11, 17, 316139
List the